 factor of 1742 and 26.
26
What is the greatest common factor of 72 and 152?
8
Calculate the greatest common factor of 208 and 702.
26
Calculate the highest common factor of 38483 and 29.
29
Calculate the highest common factor of 13 and 3497.
13
What is the highest common factor of 1144 and 91?
13
What is the greatest common divisor of 207 and 736?
23
Calculate the highest common factor of 117 and 8970.
39
Calculate the greatest common factor of 1768 and 544.
136
What is the greatest common factor of 15 and 35?
5
What is the greatest common factor of 1339 and 39?
13
What is the highest common factor of 948 and 36?
12
What is the highest common factor of 4752 and 2574?
198
What is the greatest common factor of 118 and 4?
2
What is the greatest common divisor of 820 and 60?
20
Calculate the highest common divisor of 129 and 6.
3
What is the greatest common divisor of 34349 and 98?
49
Calculate the highest common divisor of 98 and 602.
14
Calculate the greatest common factor of 405 and 555.
15
Calculate the highest common factor of 2 and 122.
2
Calculate the highest common divisor of 445 and 356.
89
What is the highest common divisor of 183 and 3?
3
Calculate the highest common factor of 99 and 88.
11
Calculate the greatest common divisor of 36 and 32352.
12
What is the highest common factor of 24 and 168?
24
What is the greatest common factor of 3305 and 5?
5
What is the highest common divisor of 95 and 20?
5
Calculate the greatest common factor of 834 and 8896.
278
Calculate the greatest common factor of 7 and 14.
7
What is the highest common factor of 8 and 6?
2
What is the greatest common factor of 10595 and 130?
65
What is the greatest common factor of 1206 and 108?
18
What is the greatest common divisor of 21219 and 33?
33
Calculate the highest common factor of 39 and 1.
1
Calculate the highest common factor of 976 and 183.
61
Calculate the greatest common divisor of 390 and 80.
10
Calculate the highest common divisor of 1972 and 116.
116
Calculate the greatest common factor of 210 and 17080.
70
Calculate the greatest common factor of 189 and 1071.
63
What is the greatest common divisor of 6640 and 80?
80
What is the greatest common divisor of 32681 and 11?
11
What is the highest common divisor of 55 and 30?
5
Calculate the greatest common factor of 68 and 323.
17
What is the greatest common factor of 81 and 9?
9
Calculate the greatest common factor of 100 and 1200.
100
What is the highest common factor of 144 and 64?
16
Calculate the highest common divisor of 47 and 47.
47
What is the highest common factor of 75 and 530?
5
Calculate the highest common factor of 113 and 5311.
113
Calculate the highest common divisor of 7452 and 36.
36
What is the greatest common factor of 26 and 9477?
13
Calculate the highest common divisor of 6177 and 142.
71
Calculate the highest common factor of 224 and 4956.
28
Calculate the highest common divisor of 1097 and 2.
1
Calculate the highest common divisor of 109 and 109.
109
What is the greatest common divisor of 1495 and 130?
65
What is the highest common divisor of 1504 and 32?
32
Calculate the greatest common factor of 497 and 7.
7
What is the greatest common divisor of 80 and 29840?
80
What is the highest common factor of 5338 and 136?
34
What is the greatest common divisor of 17 and 4811?
17
Calculate the greatest common factor of 161 and 23.
23
What is the highest common factor of 57 and 7239?
57
What is the greatest common factor of 27 and 6453?
27
Calculate the greatest common divisor of 28 and 644.
28
Calculate the highest common divisor of 329 and 14.
7
Calculate the highest common divisor of 40 and 90.
10
Calculate the greatest common divisor of 1682 and 58.
58
What is the greatest common divisor of 102 and 3672?
102
What is the greatest common factor of 72 and 384?
24
Calculate the greatest common factor of 26 and 832.
26
Calculate the greatest common factor of 57 and 1767.
57
Calculate the greatest common factor of 285 and 720.
15
Calculate the highest common factor of 210 and 1120.
70
Calculate the greatest common divisor of 18 and 24.
6
Calculate the greatest common divisor of 220 and 275.
55
Calculate the highest common factor of 70 and 2632.
14
What is the highest common factor of 22 and 2321?
11
What is the highest common divisor of 145 and 32915?
145
Calculate the highest common divisor of 32946 and 102.
102
What is the greatest common factor of 250 and 20?
10
What is the highest common factor of 19 and 2603?
19
Calculate the highest common divisor of 210 and 84.
42
Calculate the greatest common factor of 280 and 105.
35
Calculate the highest common factor of 432 and 1440.
144
Calculate the greatest common divisor of 6 and 99.
3
Calculate the greatest common factor of 50 and 70.
10
What is the highest common factor of 1225 and 75?
25
Calculate the greatest common divisor of 120 and 312.
24
What is the highest common factor of 178 and 50374?
178
Calculate the highest common divisor of 48 and 888.
24
What is the greatest common factor of 4 and 10?
2
What is the greatest common divisor of 88 and 66?
22
What is the greatest common factor of 1456 and 832?
208
Calculate the greatest common divisor of 20 and 2970.
10
Calculate the greatest common factor of 345 and 207.
69
Calculate the highest common factor of 3588 and 4692.
276
What is the greatest common factor of 57 and 532?
19
Calculate the greatest common divisor of 1537 and 53.
53
What is the greatest common divisor of 768 and 1488?
48
What is the highest common factor of 3672 and 5049?
459
Calculate the greatest common divisor of 4 and 13.
1
What is the greatest common factor of 1925 and 50?
25
Calculate the highest common factor of 2429 and 35.
7
Calculate the highest common factor of 104477 and 191.
191
What is the highest common factor of 2130 and 90?
30
Calculate the highest common factor of 13900 and 25.
25
What is the highest common divisor of 153 and 17?
17
Calculate the highest common divisor of 10570 and 140.
70
Calculate the highest common factor of 136 and 18632.
136
Calculate the greatest common divisor of 6 and 81.
3
Calculate the highest common divisor of 498 and 18.
6
What is the highest common factor of 24 and 8?
8
What is the greatest common divisor of 7100 and 100?
100
Calculate the highest common divisor of 704 and 44.
44
Calculate the highest common factor of 1233 and 63.
9
Calculate the greatest common divisor of 60 and 1305.
15
What is the highest common factor of 2211 and 396?
33
Calculate the greatest common factor of 87 and 928.
29
What is the greatest common factor of 308 and 1512?
28
What is the highest common divisor of 1727 and 44?
11
What is the highest common divisor of 524 and 917?
131
Calculate the greatest common divisor of 51 and 6.
3
Calculate the highest common divisor of 5115 and 660.
165
Calculate the greatest common divisor of 46 and 39031.
23
Calculate the greatest common divisor of 10 and 685.
5
Calculate the greatest common divisor of 357 and 153.
51
What is the greatest common divisor of 1581 and 589?
31
Calculate the greatest common divisor of 44 and 165.
11
Calculate the greatest common divisor of 485 and 291.
97
What is the highest common factor of 75 and 2325?
75
Calculate the highest common factor of 630 and 1710.
90
What is the highest common factor of 60 and 17970?
30
What is the highest common divisor of 9009 and 198?
99
What is the highest common divisor of 7140 and 160?
20
Calculate the greatest common factor of 10 and 230.
10
Calculate the greatest common divisor of 2260 and 15.
5
Calculate the highest common factor of 33 and 7293.
33
Calculate the greatest common factor of 4 and 4.
4
What is the highest common divisor of 47 and 1833?
47
Calculate the highest common divisor of 2388 and 12.
12
What is the highest common divisor of 510 and 30?
30
Calculate the highest common factor of 9591 and 69.
69
Calculate the greatest common factor of 19 and 4.
1
Calculate the greatest common divisor of 143 and 26.
13
Calculate the greatest common factor of 2268 and 882.
126
Calculate the highest common divisor of 22 and 4.
2
Calculate the highest common factor of 2156 and 49.
49
What is the greatest common divisor of 115 and 40?
5
Calculate the greatest common divisor of 189 and 9.
9
What is t